is divided by a?
0
Calculate the remainder when (-2)/(-3) - (-660)/9 is divided by 15.
14
Suppose 48 = 4*g - 0*g. Let d be (-2)/4*2 - 11. Let a = -5 - d. What is the remainder when g is divided by a?
5
Suppose -t + 3*t + 5*y - 133 = 0, 2*y + 6 = 0. Calculate the remainder when t is divided by 15.
14
Let n(j) = 13*j**2 - j + 1. Let r(z) = z**3 - 3*z**2 - 2*z + 9. What is the remainder when r(5) is divided by n(1)?
10
Suppose -2*c - 3*c + 2*q - 123 = 0, -4*c + 2*q - 100 = 0. Let b = -44 - c. What is the remainder when 25 is divided by 3/(-6)*(b - -3)?
7
Calculate the remainder when 52 is divided by 4/(4/7) + 1.
4
Let q(z) = -z**2 + 3*z + 26. Calculate the remainder when q(0) is divided by 16.
10
Let q = 208 + -202. Calculate the remainder when 10 is divided by q.
4
Suppose 0*y = -4*y + 5*r + 15, -5*y - 4*r = -70. Let o(a) = a**3 + 5*a**2 - 2*a - 6. What is the remainder when y is divided by o(-5)?
2
Suppose -10 - 8 = -2*u. What is the remainder when 33 is divided by u?
6
Let m(o) = o**2 + 2*o + 2. Let p = -7 + 20. Calculate the remainder when p is divided by m(-3).
3
Suppose -4*k = 12 - 0. Calculate the remainder when 8/12 - 52/k is divided by 4.
2
Let s(y) = -11*y - 2. Calculate the remainder when s(-2) is divided by 11.
9
Let h = -78 + 120. What is the remainder when h is divided by 9?
6
Suppose -2*f + 43 = 3*i, 4 = f + f. What is the remainder when (-4113)/(-81) - 2/(-9) is divided by i?
12
Let x be 64/(-11) + 2/(-11). Let h(n) = 2*n**2 + 4*n - 8. Calculate the remainder when h(x) is divided by 14.
12
Suppose -3*x = -2*z + 3*z - 52, x - 4 = 3*z. Calculate the remainder when 55 is divided by x.
7
Let c(x) = x**3 + 7*x**2 + 5*x + 3. Let q be c(-5). Suppose 0*m = 4*m - 56. Let j = q - m. Calculate the remainder when j is divided by 8.
6
Calculate the remainder when 16 is divided by 66/14 + (6/(-7))/(-3).
1
Let o be (-1 - (1 - 2)) + 3. Suppose c + 2 = -5*v + 16, o*c - 5*v - 42 = 0. What is the remainder when 40 is divided by c?
12
What is the remainder when 18/((8/(-3))/(-8)) is divided by 14?
12
Let z be 3 - 0*2/(-6). Let s(u) = 12 - u - z + 7. Calculate the remainder when s(0) is divided by 9.
7
Let y = 30 - 22. Calculate the remainder when 53 is divided by y.
5
Suppose -5*i + 0*i - 21 = -2*u, -u + 15 = 2*i. Calculate the remainder when u is divided by 9.
4
Let i be -10*((-45)/(-6))/(-3). Let o = i + 13. What is the remainder when (15/(-6))/(-5)*o is divided by 7?
5
Let v = 8 - 4. Let x be (-2)/v - (-146)/4. Suppose 4*b + 0*b = x. Calculate the remainder when 25 is divided by b.
7
Let x(s) = -s - 11. What is the remainder when 24 is divided by x(-18)?
3
Suppose 2*c - 5*b = -3*c + 30, -c + 3 = -4*b. Let n(q) = 5*q - 21. Calculate the remainder when 53 is divided by n(c).
11
Let y = -14 - -23. What is the remainder when 39 is divided by y?
3
Let o = -15 - 7. Let n be o/(-6) - (-1)/3. What is the remainder when 158/4 - (-2)/n is divided by 14?
12
Suppose 27 = 3*k + 9. Suppose 9 = -3*l + k. Calculate the remainder when 35 is divided by 10 - (l + 0)*2.
11
Calculate the remainder when 13 is divided by (-62)/(-8) + (-4)/(-16).
5
Let z be (4/(-5))/((-10)/275). Suppose -u = 5*r + 19, 5*u + 5*r - r + 53 = 0. Let j = u + z. What is the remainder when 23 is divided by j?
10
Suppose 5*o + 0*o = 105. Suppose 18 = 3*t - 2*m - o, -5*t - m = -52. Calculate the remainder when 19 is divided by t.
8
Let i(v) = -9*v + 3. Let k(r) = r**3 - 8*r**2 + 5*r + 30. Calculate the remainder when i(-3) is divided by k(7).
14
Let k(b) = -b**3 + b**2 + 5. Let m be k(0). Suppose -m*i + 25 = -5*w, -5 = -i - 0. Suppose w*o = o - 14. Calculate the remainder when o is divided by 8.
6
Let y = -16 + 9. Let j = 13 + y. What is the remainder when j is divided by 2?
0
Let w = -2 + 0. What is the remainder when (55/(-20))/(w/16) is divided by 0 + 7 - (-3 - -2)?
6
Let v = -4 + 7. Suppose -v*c + 146 = 20. Calculate the remainder when c is divided by 15.
12
Suppose -67 = -2*t - 3*t + z, -z + 11 = t. What is the remainder when 36 is divided by t?
10
Suppose 0 = -0*u - 3*u + 12. Let s(x) = -3*x + 6. Let o be s(u). Calculate the remainder when (o/2)/(6/(-4)) is divided by 1.
0
Let s(d) = 11*d**2 + 10. Calculate the remainder when s(3) is divided by 16.
13
Suppose j = -4*g + 9, -4*j + 23 = g + 2*g. What is the remainder when 46 is divided by g - 1*(2 - 9)?
6
Let w be 65 - 4/((-12)/9). Let q = w - 13. Calculate the remainder when q is divided by 19.
17
Let h(a) = -8*a**2. Let k be h(2). Let s = -16 - k. What is the remainder when s is divided by 9?
7
Let c be (24/(-9))/(2/6). Suppose -3*d + 80 - 2 = 0. Calculate the remainder when d is divided by c/20*(-35 + 0).
12
Let h(r) = r**3 - 11*r**2 + 10*r + 8. What is the remainder when 23 is divided by h(10)?
7
Let d = -16 + -6. Let b = d + 49. Calculate the remainder when (-16)/(-9) + 6/b is divided by 2.
0
Let p(s) be the first derivative of -s**3/3 + 4*s**2 - 5*s - 3. What is the remainder when 37 is divided by p(5)?
7
Suppose 0 = -2*w - 6 - 6. Let z be 3/w*12/(-2). Suppose -5*u - 47 = -2*t - t, -4*t = -z*u - 48. What is the remainder when 17 is divided by t?
8
Let k(s) = -2*s**3 + s**2 - 2. What is the remainder when 34 is divided by k(-2)?
16
Suppose 67 = -7*t + 809. What is the remainder when t is divided by 27?
25
Suppose 2*r + 3*h = 4*r - 59, r - 32 = h. Suppose 0 = 6*v - v + j - 14, -4 = 4*j. Suppose -v*m - 2*m + 65 = 0. What is the remainder when r is divided by m?
11
Let u(g) = 2*g - 22. Suppose 4*k - m = k + 44, 4*m = -5*k + 45. Calculate the remainder when u(k) is divided by 3.
1
Let n = 14 + 5. Let v = -113 + 40. Let q = v - -109. What is the remainder when q is divided by n?
17
Let t(x) = x**2 + 4*x - 2. Let o be t(-4). Let f be (o + -12)*(-1)/2. Let k = f + -3. What is the remainder when 11 is divided by k?
3
Let y = -4 + 15. Suppose 3*s - 2*s - 4 = 0. Calculate the remainder when y is divided by s.
3
Let n(r) = r**3 + 11*r**2 + 8*r - 16. Calculate the remainder when n(-10) is divided by 3.
1
Suppose -3*f + 28 + 8 = 0. What is the remainder when f is divided by 8?
4
Let d(u) = u - 1. Let m be d(-5). Let h = 20 + -41. Let l = m - h. Calculate the remainder when 27 is divided by l.
12
Let o(r) = 8*r + 1. Let c be o(1). Suppose 0 = -5*t + 3*u - 39, 4*u = -4*t - u - c. Let s(g) = g**2 + 6*g + 3. What is the remainder when 7 is divided by s(t)?
1
Suppose -2*t - 19 = -55. Let v = -12 + t. Calculate the remainder when 9 is divided by v.
3
Suppose -5*h + 15 + 50 = 0. What is the remainder when -3*-57*6/27 is divided by h?
12
Let t = 26 - 0. What is the remainder when 46 is divided by t?
20
Let g be 2/(-3) + (-2384)/(-12). Suppose 3*o + 208 = m, 0*m = -3*o + 3*m - g. Let l = -40 - o. Calculate the remainder when l is divided by 11.
9
Suppose -2*y = 4*p - 20 - 60, 83 = 2*y + 5*p. What is the remainder when 134 is divided by y?
32
Let i = 11 + 20. Calculate the remainder when i is divided by 10.
1
Let j(n) = n - 5. Let h be j(6). Suppose -4*w = 4*k - 68, -2*w = -k + h + 13. Calculate the remainder when (1 - 43/(-4))*4 is divided by k.
15
Let f(t) = -7*t - 5. Let o = -2 + 91. Calculate the remainder when o is divided by f(-4).
20
Let b = 13 + -12. What is the remainder when b is divided by 1?
0
Let i = -51 + 74. What is the remainder when 66 is divided by i?
20
Suppose u - 187 = -4. Let v be -2*3/6 - -4. What is the remainder when ((-3)/(-3))/(v/u) is divided by 21?
19
Let l(i) = i**2 + 13*i + 7. What is the remainder when l(-14) is divided by 12?
9
Let h(n) = -n**2 + 9*n - 6. Let d be h(6). Let v = d + -10. Calculate the remainder when v is divided by 2*(6/(-4) + 2).
0
Let f(d) = -d + 22. Calculate the remainder when 2 - 2 - (1 - 47) is divided by f(10).
10
What is the remainder when (129/4)/((-9)/(-24)) is divided by 9?
5
Suppose -3*c + 5*c + 3*h = 29, 0 = -2*c + h + 41. Calculate the remainder when 131 is divided by c.
17
Suppose 2*v + 12*v - 826 = 0. What is the remainder when v is divided by 12?
11
Suppose 2*g + 0*g - 5*o - 19 = 0, -5*o + 9 = 2*g. Let d = 8 - g. Let q = d - -11. What is the remainder when 23 is divided by q?
11
Suppose 0 = -f - 0*l + 5*l - 27, 5*l = 25. Let t be (-3)/(-6) + 87/f. Let u = -23 - t. What is the remainder when 38 is divided by u?
18
Suppose 2*d = -3*d + 30. Suppose -6*w + w = -45. Calculate the remainder when 